{"id":5,"date":"2018-11-27T09:17:08","date_gmt":"2018-11-27T15:17:08","guid":{"rendered":"https:\/\/titulosperdidos.com\/texas\/about\/"},"modified":"2022-03-20T18:14:47","modified_gmt":"2022-03-21T00:14:47","slug":"centros-de-servicio-regional-texas-dmv","status":"publish","type":"page","link":"https:\/\/titulosperdidos.com\/texas\/centros-de-servicio-regional-texas-dmv\/","title":{"rendered":"Centro_Regional_Texas_DMV"},"content":{"rendered":"\t\t<div data-elementor-type=\"wp-post\" data-elementor-id=\"5\" class=\"elementor elementor-5\">\n\t\t\t\t\t\t<section class=\"elementor-section elementor-top-section elementor-element elementor-element-d7d8b56 elementor-section-boxed elementor-section-height-default elementor-section-height-default\" data-id=\"d7d8b56\" data-element_type=\"section\" data-settings=\"{&quot;background_background&quot;:&quot;classic&quot;}\">\n\t\t\t\t\t\t\t<div class=\"elementor-background-overlay\"><\/div>\n\t\t\t\t\t\t\t<div class=\"elementor-container elementor-column-gap-default\">\n\t\t\t\t\t<div class=\"elementor-column elementor-col-100 elementor-top-column elementor-element elementor-element-fd69444\" data-id=\"fd69444\" data-element_type=\"column\">\n\t\t\t<div class=\"elementor-widget-wrap elementor-element-populated\">\n\t\t\t\t\t\t<div class=\"elementor-element elementor-element-abcc2f2 elementor-widget elementor-widget-heading\" data-id=\"abcc2f2\" data-element_type=\"widget\" data-widget_type=\"heading.default\">\n\t\t\t\t<div class=\"elementor-widget-container\">\n\t\t\t\t\t<h1 class=\"elementor-heading-title elementor-size-default\">oficinas de centro de servicio regional del Texas DMV <\/h1>\t\t\t\t<\/div>\n\t\t\t\t<\/div>\n\t\t\t\t\t<\/div>\n\t\t<\/div>\n\t\t\t\t\t<\/div>\n\t\t<\/section>\n\t\t\t\t<section class=\"elementor-section elementor-top-section elementor-element elementor-element-e90a943 elementor-section-boxed elementor-section-height-default elementor-section-height-default\" data-id=\"e90a943\" data-element_type=\"section\">\n\t\t\t\t\t\t<div class=\"elementor-container elementor-column-gap-default\">\n\t\t\t\t\t<div class=\"elementor-column elementor-col-100 elementor-top-column elementor-element elementor-element-e03a328\" data-id=\"e03a328\" data-element_type=\"column\">\n\t\t\t<div class=\"elementor-widget-wrap elementor-element-populated\">\n\t\t\t\t\t\t<div class=\"elementor-element elementor-element-903c186 elementor-widget elementor-widget-heading\" data-id=\"903c186\" data-element_type=\"widget\" data-widget_type=\"heading.default\">\n\t\t\t\t<div class=\"elementor-widget-container\">\n\t\t\t\t\t<h4 class=\"elementor-heading-title elementor-size-default\">Oficinas de Centro de Servicio Regional del DMV Texas<\/h4>\t\t\t\t<\/div>\n\t\t\t\t<\/div>\n\t\t\t\t<div class=\"elementor-element elementor-element-23d597c elementor-widget-divider--view-line elementor-widget elementor-widget-divider\" data-id=\"23d597c\" data-element_type=\"widget\" data-widget_type=\"divider.default\">\n\t\t\t\t<div class=\"elementor-widget-container\">\n\t\t\t\t\t\t\t<div class=\"elementor-divider\">\n\t\t\t<span class=\"elementor-divider-separator\">\n\t\t\t\t\t\t<\/span>\n\t\t<\/div>\n\t\t\t\t\t\t<\/div>\n\t\t\t\t<\/div>\n\t\t\t\t<div class=\"elementor-element elementor-element-6d1a71e elementor-widget elementor-widget-text-editor\" data-id=\"6d1a71e\" data-element_type=\"widget\" data-widget_type=\"text-editor.default\">\n\t\t\t\t<div class=\"elementor-widget-container\">\n\t\t\t\t\t\t\t\t\t<ul style=\"color: #000000; font-family: 'Times New Roman'; font-size: medium; font-style: normal; font-weight: 400;\">\n<li style=\"font-family: Verdana, Arial, Helvetica, sans-serif; text-align: left;\"><strong>ABILENE<\/strong><br>4210 N. Clack St., Abilene, TX 79601<br>Tel\u00e9fono: (325) 674-1000<br><br><\/li>\n<li style=\"font-family: Verdana, Arial, Helvetica, sans-serif; text-align: left;\"><strong>HOUSTON<br><\/strong>2110 East Governors Cir., Houston, TX 77092<br>Tel\u00e9fono: (713) 316-6100<br><br><\/li>\n<li style=\"font-family: Verdana, Arial, Helvetica, sans-serif; text-align: left;\"><strong>AMARILLO<br><\/strong>5715 Canyon Dr., Building H, Amarillo, TX 79110<br>Tel\u00e9fono: (806) 467-3600<br><br><\/li>\n<li style=\"font-family: Verdana, Arial, Helvetica, sans-serif; text-align: left;\"><strong>LONGVIEW<br><\/strong>4549 W. Loop 281, Longview, TX 75604<br>Tel\u00e9fono: (903) 237-2800<br><br><\/li>\n<li style=\"font-family: Verdana, Arial, Helvetica, sans-serif; text-align: left;\"><strong>AUSTIN<br><\/strong>1001 E. Parmer Ln., Ste. A, Austin, TX 78753<br>Tel\u00e9fono: (512) 719-6900<br><br><\/li>\n<li style=\"font-family: Verdana, Arial, Helvetica, sans-serif; text-align: left;\"><strong>LUBBOCK<br><\/strong>135 Slaton Rd., Lubbock, TX 79404<br>Tel\u00e9fono: (806) 748-2900<br><br><\/li>\n<li style=\"font-family: Verdana, Arial, Helvetica, sans-serif; text-align: left;\"><strong>BEAUMONT<br><\/strong>8550 Eastex Freeway, Beaumont, TX 77708<br>Tel\u00e9fono: (409) 895-3200<br><br><\/li>\n<li style=\"font-family: Verdana, Arial, Helvetica, sans-serif; text-align: left;\"><strong>MIDLAND\/ODESSA<br><\/strong>3901 East Highway 80, Odessa, TX 79761<br>Tel\u00e9fono: (432) 276-4400<br><br><\/li>\n<li style=\"font-family: Verdana, Arial, Helvetica, sans-serif; text-align: left;\"><strong>CORPUS CHRISTI<br><\/strong>602 N. Staples St., Ste. 130, Corpus Christi, TX 78401<br>Tel\u00e9fono: (361) 808-3900<br><br><\/li>\n<li style=\"font-family: Verdana, Arial, Helvetica, sans-serif; text-align: left;\"><strong>PHARR<br><\/strong>600 West Expressway 83, Pharr, TX 78577<br>Tel\u00e9fono: (956) 784-6700<br><br><\/li>\n<li style=\"font-family: Verdana, Arial, Helvetica, sans-serif; text-align: left;\"><strong>DALLAS<br><\/strong>1925 E. Beltline Rd., Ste. 100, Carrollton, TX 75006<br>Tel\u00e9fono: (972) 478-5200<br><br><\/li>\n<li style=\"font-family: Verdana, Arial, Helvetica, sans-serif; text-align: left;\"><strong>SAN ANTONIO<br><\/strong>15150 Nacogdoches Rd., Ste. 100, San Antonio, TX 78247<br>Tel\u00e9fono: (210) 731-2130<br><br><\/li>\n<li style=\"font-family: Verdana, Arial, Helvetica, sans-serif; text-align: left;\"><strong>EL PASO<br><\/strong>1227 Lee Trevino, Ste. 100, El Paso, TX 79907<br>Tel\u00e9fono: (915) 594-6000<br><br><\/li>\n<li style=\"font-family: Verdana, Arial, Helvetica, sans-serif; text-align: left;\"><strong>WACO<br><\/strong>2203 Austin Ave., Waco, TX 76701<br>Tel\u00e9fono: (254) 296-2700<br><br><\/li>\n<li style=\"font-family: Verdana, Arial, Helvetica, sans-serif; text-align: left;\"><strong>FORT WORTH<br><\/strong>2425 Gravel Dr., Fort Worth, TX 76118<br>Tel\u00e9fono: (817) 285-1500<br><br><\/li>\n<li style=\"font-family: Verdana, Arial, Helvetica, sans-serif; text-align: left;\"><strong>WICHITA FALLS<br><\/strong>1601-A Southwest Pkwy., Wichita Falls, TX 76302<br>Tel\u00e9fono: (940) 235-4800<\/li>\n<\/ul>\t\t\t\t\t\t\t\t<\/div>\n\t\t\t\t<\/div>\n\t\t\t\t\t<\/div>\n\t\t<\/div>\n\t\t\t\t\t<\/div>\n\t\t<\/section>\n\t\t\t\t<\/div>\n\t\t","protected":false},"excerpt":{"rendered":"<p>oficinas de centro de servicio regional del Texas DMV Oficinas de Centro de Servicio Regional del DMV Texas ABILENE4210 N. Clack St., Abilene, TX 79601Tel\u00e9fono: (325) 674-1000 HOUSTON2110 East Governors Cir., Houston, TX 77092Tel\u00e9fono: (713) 316-6100 AMARILLO5715 Canyon Dr., Building H, Amarillo, TX 79110Tel\u00e9fono: (806) 467-3600 LONGVIEW4549 W. Loop 281, Longview, TX 75604Tel\u00e9fono: (903) 237-2800 &hellip;<\/p>\n<p class=\"read-more\"> <a class=\"\" href=\"https:\/\/titulosperdidos.com\/texas\/centros-de-servicio-regional-texas-dmv\/\"> <span class=\"screen-reader-text\">Centro_Regional_Texas_DMV<\/span> Read More &raquo;<\/a><\/p>\n","protected":false},"author":1,"featured_media":0,"parent":0,"menu_order":0,"comment_status":"closed","ping_status":"closed","template":"","meta":{"site-sidebar-layout":"no-sidebar","site-content-layout":"page-builder","ast-main-header-display":"","ast-hfb-above-header-display":"","ast-hfb-below-header-display":"","ast-hfb-mobile-header-display":"","site-post-title":"disabled","ast-breadcrumbs-content":"","ast-featured-img":"disabled","footer-sml-layout":"","theme-transparent-header-meta":"enabled","adv-header-id-meta":"","stick-header-meta":"","header-above-stick-meta":"","header-main-stick-meta":"","header-below-stick-meta":"","footnotes":""},"class_list":["post-5","page","type-page","status-publish","hentry"],"_links":{"self":[{"href":"https:\/\/titulosperdidos.com\/texas\/wp-json\/wp\/v2\/pages\/5","targetHints":{"allow":["GET"]}}],"collection":[{"href":"https:\/\/titulosperdidos.com\/texas\/wp-json\/wp\/v2\/pages"}],"about":[{"href":"https:\/\/titulosperdidos.com\/texas\/wp-json\/wp\/v2\/types\/page"}],"author":[{"embeddable":true,"href":"https:\/\/titulosperdidos.com\/texas\/wp-json\/wp\/v2\/users\/1"}],"replies":[{"embeddable":true,"href":"https:\/\/titulosperdidos.com\/texas\/wp-json\/wp\/v2\/comments?post=5"}],"version-history":[{"count":21,"href":"https:\/\/titulosperdidos.com\/texas\/wp-json\/wp\/v2\/pages\/5\/revisions"}],"predecessor-version":[{"id":1442,"href":"https:\/\/titulosperdidos.com\/texas\/wp-json\/wp\/v2\/pages\/5\/revisions\/1442"}],"wp:attachment":[{"href":"https:\/\/titulosperdidos.com\/texas\/wp-json\/wp\/v2\/media?parent=5"}],"curies":[{"name":"wp","href":"https:\/\/api.w.org\/{rel}","templated":true}]}}